{"id":8954,"date":"2023-09-08T09:13:06","date_gmt":"2023-09-08T07:13:06","guid":{"rendered":"https:\/\/www.bralnotekmovanje.si\/?page_id=8954"},"modified":"2025-11-27T08:57:19","modified_gmt":"2025-11-27T07:57:19","slug":"concorso-di-lettura","status":"publish","type":"page","link":"https:\/\/www.bralnotekmovanje.si\/it\/concorso-di-lettura\/","title":{"rendered":"Concorso di lettura"},"content":{"rendered":"<section id=\"shortcode-6490e449a49db909299a941f7d2372b3\" class=\"pos-r \">\n<div class=\"fw-container\">\n<div class=\"fw-row\">\n<div id=\"shortcode-10d556ac4cd2580de1e274d27f9d6bb2\" class=\"fw-col-xs-12 fw-col-sm-12 fw-col-md-12 text-left \">\n<div id=\"shortcode-3d1005ea0be92974951c5e5372dbe3fe\" class=\"TextBlock \">\n<div class=\"vc_row wpb_row vc_row-fluid\">\n<div class=\"page-container\">\n<div class=\"wpb_column vc_column_container vc_col-sm-12\">\n<div class=\"vc_column-inner \">\n<div class=\"wpb_wrapper\">\n<div class=\"wpb_text_column wpb_content_element \">\n<div class=\"wpb_wrapper\">\n<p><strong>Il concorso di lettura \u201cLeggiamo con Tunnellina Alfabeti\u201d \u00e8 un approccio originale per promuovere la lettura e migliorare le abitudini di lettura tra gli alunni del quinto e del sesto anno della scuola elementare sotto forma di una competizione di lettura guidata.<\/strong><\/p>\n<p>Perch\u00e9 proprio la quinta e la sesta classe? Secondo le osservazioni e i risultati delle ricerche, \u00e8 proprio in questa fascia d\u2019et\u00e0 che l\u2019interesse dei bambini per la lettura e, di conseguenza, per il riconoscimento del Buon lettore, diminuisce rapidamente.<\/p>\n<p>Ci siamo posti l\u2019obiettivo di <strong>risvegliare nuovamente l\u2019interesse per la lettura<\/strong> tra gli alunni di quinta e sesta e di formare i <strong>futuri lettori<\/strong>. In questo modo la Biblioteca si impegna ad aumentare il numero di utenti attivi. Con il concorso di lettura desideriamo creare un clima di classe favorevole alla lettura, includendo tutti gli individui \u2013 sia i lettori appassionati sia coloro che mostrano avversione alla lettura.<\/p>\n<\/div>\n<p>Abbiamo quindi organizzato una gara di lettura non per i singoli individui, ma per l\u2019intera comunit\u00e0 della classe. La condizione perch\u00e9 la classe si qualifichi \u00e8 che ciascun alunno legga almeno un libro durante il periodo della competizione. In caso contrario, la classe nel suo insieme non pu\u00f2 qualificarsi.<\/p>\n<p>In questo modo desideriamo coinvolgere tutti gli individui di questa fascia d\u2019et\u00e0 e promuovere la collegialit\u00e0 tra pari, la coesione, le possibilit\u00e0 di collaborazione e il lavoro di squadra. Oltre a <strong>instaurare un rapporto positivo con il libro e la lettura,<\/strong> la competizione permette al bambino di esercitare e <strong>sviluppare le proprie capacit\u00e0 di espressione scritta<\/strong> tramite pubblicazioni online, che gli consentono di interagire con i coetanei in un ambiente digitale sicuro. I commenti vengono controllati costantemente, prevenendo cos\u00ec offensivit<span class=\"Y2IQFc\" lang=\"it\">\u00e0<\/span>, linguaggio d\u2019odio ecc. Con la pubblicazione delle opinioni sui libri letti, gli alunni affinano la loro capacit\u00e0 critica nella valutazione delle opere letterarie. Gli studenti partecipanti hanno la possibilit\u00e0, tramite il sito web, di raccomandare libri, discuterne, scambiarsi opinioni \u2013 non solo all\u2019interno della propria classe, ma anche con coetanei di altre scuole.<\/p>\n<p>Nel corso dell\u2019anno scolastico <strong>2016\/2017<\/strong> hanno partecipato al concorso di lettura <strong data-start=\"82\" data-end=\"106\">344 alunni di quinta<\/strong> elementare provenienti da undici scuole elementari della zona costiera. In quattro mesi gli studenti hanno letto complessivamente <strong data-start=\"226\" data-end=\"241\">1.629 libri<\/strong>. Sul sito web creato appositamente per il concorso, i partecipanti hanno pubblicato in questo periodo <strong data-start=\"344\" data-end=\"364\">1.217 recensioni<\/strong> dei libri letti e hanno espresso <strong data-start=\"398\" data-end=\"412\">3.644 voti<\/strong>. Gli alunni, salvo rare eccezioni, hanno svolto parallelamente al concorso di lettura anche il programma del <strong data-start=\"524\" data-end=\"552\">\u201cbuon lettore\u201d<\/strong>.<\/p>\n<p>Nell\u2019anno scolastico <strong>2017\/18<\/strong> abbiamo organizzato il concorso di lettura anche per gli alunni di sesta elementare. Al concorso si sono iscritti <strong data-start=\"132\" data-end=\"166\">851 alunni di quinta e sesta<\/strong> provenienti da 16 scuole della zona costiera, di cui <strong data-start=\"220\" data-end=\"256\">5 dalle scuole slovene in Italia<\/strong>, che si sono unite a noi tramite la Biblioteca Nazionale Slovena e degli Studi di Trieste. In totale hanno letto <strong data-start=\"362\" data-end=\"377\">4.020 libri<\/strong>, pubblicato <strong data-start=\"390\" data-end=\"410\">1.220 recensioni<\/strong> sul sito web e espresso <strong data-start=\"435\" data-end=\"449\">6.276 voti<\/strong>.<\/p>\n<div class=\"wpb_wrapper\">\n<p>Nel corso dell\u2019anno scolastico <strong>2018\/2019<\/strong> abbiamo ampliato il concorso di lettura <strong data-start=\"81\" data-end=\"115\">\u201cLeggiamo con Tunnellina Alfabeti\u201d<\/strong>, invitando a partecipare tutte le biblioteche della zona costiero-carsica. Alla terza edizione hanno cos\u00ec preso parte <strong data-start=\"234\" data-end=\"258\">15 scuole elementari<\/strong> dei comuni di Capodistria, Isola, Pirano, Ancarano, Sesana, Bisterza e Postumia, nonch\u00e9 <strong data-start=\"355\" data-end=\"398\">10 scuole elementari slovene di Trieste<\/strong>, per un totale di <strong data-start=\"417\" data-end=\"430\">65 classi<\/strong>, cio\u00e8 <strong data-start=\"437\" data-end=\"451\">985 alunni<\/strong>. In quattro mesi i partecipanti hanno letto complessivamente <strong data-start=\"511\" data-end=\"526\">4.379 libri<\/strong>, espresso <strong data-start=\"537\" data-end=\"551\">3.068 voti<\/strong> e pubblicato <strong data-start=\"565\" data-end=\"583\">532 recensioni<\/strong> sul portale web, che a quel tempo registrava gi\u00e0 oltre <strong data-start=\"639\" data-end=\"666\">129.500 visualizzazioni<\/strong>.<\/p>\n<p data-start=\"0\" data-end=\"399\">Nell\u2019anno scolastico <strong>2019\/2020<\/strong> al progetto si sono uniti anche gli alunni che frequentano i corsi di lingua slovena a <strong>Banja Luka<\/strong>, in collaborazione con l\u2019associazione slovena <strong data-start=\"175\" data-end=\"186\">Triglav<\/strong>, e gli alunni della scuola elementare slovena di Klagenfurt, in collaborazione con la <strong data-start=\"273\" data-end=\"318\">Biblioteca di studi sloveni di Klagenfurt<\/strong> e la <strong data-start=\"324\" data-end=\"396\">Biblioteca centrale carinziana dr. Franc Su\u0161nik di Ravne na Koro\u0161kem<\/strong>.<\/p>\n<p data-start=\"401\" data-end=\"881\">Nell\u2019area di Trieste si sono aggiunte quattro nuove scuole: la <strong data-start=\"464\" data-end=\"513\">Scuola media inferiore Igo Gruden di Aurisina<\/strong>, la <strong data-start=\"518\" data-end=\"567\">Scuola media inferiore Simon Gregor\u010di\u010d (San Dorligo della Valle)<\/strong>, la <strong data-start=\"464\" data-end=\"513\">Scuola media inferiore<\/strong> <strong data-start=\"572\" data-end=\"618\">Santi Cirillo e Metodio (San Giovanni)<\/strong> e la <strong data-start=\"624\" data-end=\"667\">Scuola elementare Albin Bubni\u010d (Muggia)<\/strong>. Nel comune di Pirano hanno aderito due nuove scuole: la <strong data-start=\"725\" data-end=\"760\">Scuola elementare Cirilo Kosma\u010d<\/strong> e la <strong data-start=\"766\" data-end=\"796\">Scuola elementare Sicciole<\/strong>, mentre da Divaccia si \u00e8 unita la <strong data-start=\"831\" data-end=\"878\">Scuola elementare dr. Bogomir Magajna Vreme<\/strong>.<\/p>\n<p data-start=\"883\" data-end=\"1021\" data-is-last-node=\"\" data-is-only-node=\"\">In totale si sono iscritti <strong data-start=\"910\" data-end=\"931\">1.154 concorrenti<\/strong>, che hanno letto <strong data-start=\"949\" data-end=\"964\">4.676 libri<\/strong>. Il sito web ha registrato gi\u00e0 oltre <strong data-start=\"1002\" data-end=\"1020\">651.000 visite<\/strong>.<\/p>\n<\/div>\n<p data-start=\"883\" data-end=\"1021\" data-is-last-node=\"\" data-is-only-node=\"\">Il progetto ha finora ricevuto due importanti riconoscimenti: il <strong data-start=\"65\" data-end=\"121\">premio dell\u2019Associazione delle biblioteche pubbliche<\/strong> per i migliori progetti delle biblioteche pubbliche nel 2018 e il <strong data-start=\"188\" data-end=\"236\">riconoscimento della sezione slovena di IBBY<\/strong> per i risultati eccezionali nel campo della promozione della letteratura giovanile e della lettura in generale.<\/p>\n<div class=\"wpb_wrapper\">\n<p>&nbsp;<\/p>\n<\/div>\n<\/div>\n<\/div>\n<\/div>\n<\/div>\n<\/div>\n<\/div>\n<div class=\"vc_row wpb_row vc_row-fluid\">\n<div class=\"page-container\">\n<div class=\"wpb_column vc_column_container vc_col-sm-12\">\n<div class=\"vc_column-inner \">\n<div class=\"wpb_wrapper\">\n<div class=\"wpb_text_column wpb_content_element \">\n<div class=\"wpb_wrapper\">\n<h2>Se nam \u017eelite priklju\u010diti?<\/h2>\n<p>Zelo bomo veseli va\u0161e udele\u017ebe.&nbsp;<a href=\"https:\/\/www.bralnotekmovanje.si\/it\/contatto\/\">Pi\u0161ite nam<\/a>.<\/p>\n<\/div>\n<\/div>\n<\/div>\n<\/div>\n<\/div>\n<\/div>\n<\/div>\n<\/div>\n<\/div>\n<\/div>\n<\/div>\n<\/section>\n<p><!-- d38575bba52c665d08028854e5727c68 --><\/p>\n","protected":false},"excerpt":{"rendered":"<p>Il concorso di lettura \u201cLeggiamo con Tunnellina Alfabeti\u201d \u00e8 un approccio originale per promuovere la lettura e migliorare le abitudini di lettura tra gli alunni del quinto e del sesto anno della scuola elementare sotto forma di una competizione di lettura guidata. Perch\u00e9 proprio la quinta e la sesta classe? Secondo le osservazioni e i&#8230;<\/p>\n","protected":false},"author":1,"featured_media":0,"parent":0,"menu_order":0,"comment_status":"closed","ping_status":"closed","template":"","meta":{"_acf_changed":false,"ngg_post_thumbnail":0,"footnotes":""},"class_list":["post-8954","page","type-page","status-publish","hentry"],"acf":[],"_links":{"self":[{"href":"https:\/\/www.bralnotekmovanje.si\/it\/wp-json\/wp\/v2\/pages\/8954","targetHints":{"allow":["GET"]}}],"collection":[{"href":"https:\/\/www.bralnotekmovanje.si\/it\/wp-json\/wp\/v2\/pages"}],"about":[{"href":"https:\/\/www.bralnotekmovanje.si\/it\/wp-json\/wp\/v2\/types\/page"}],"author":[{"embeddable":true,"href":"https:\/\/www.bralnotekmovanje.si\/it\/wp-json\/wp\/v2\/users\/1"}],"replies":[{"embeddable":true,"href":"https:\/\/www.bralnotekmovanje.si\/it\/wp-json\/wp\/v2\/comments?post=8954"}],"version-history":[{"count":7,"href":"https:\/\/www.bralnotekmovanje.si\/it\/wp-json\/wp\/v2\/pages\/8954\/revisions"}],"predecessor-version":[{"id":8961,"href":"https:\/\/www.bralnotekmovanje.si\/it\/wp-json\/wp\/v2\/pages\/8954\/revisions\/8961"}],"wp:attachment":[{"href":"https:\/\/www.bralnotekmovanje.si\/it\/wp-json\/wp\/v2\/media?parent=8954"}],"curies":[{"name":"wp","href":"https:\/\/api.w.org\/{rel}","templated":true}]}}

<section id="shortcode-6490e449a49db909299a941f7d2372b3" class="pos-r ">
<div class="fw-container">
<div class="fw-row">
<div id="shortcode-10d556ac4cd2580de1e274d27f9d6bb2" class="fw-col-xs-12 fw-col-sm-12 fw-col-md-12 text-left ">
<div id="shortcode-3d1005ea0be92974951c5e5372dbe3fe" class="TextBlock ">
<div class="vc_row wpb_row vc_row-fluid">
<div class="page-container">
<div class="wpb_column vc_column_container vc_col-sm-12">
<div class="vc_column-inner ">
<div class="wpb_wrapper">
<div class="wpb_text_column wpb_content_element ">
<div class="wpb_wrapper">
<p><strong>Il concorso di lettura “Leggiamo con Tunnellina Alfabeti” è un approccio originale per promuovere la lettura e migliorare le abitudini di lettura tra gli alunni del quinto e del sesto anno della scuola elementare sotto forma di una competizione di lettura guidata.</strong></p>
<p>Perché proprio la quinta e la sesta classe? Secondo le osservazioni e i risultati delle ricerche, è proprio in questa fascia d’età che l’interesse dei bambini per la lettura e, di conseguenza, per il riconoscimento del Buon lettore, diminuisce rapidamente.</p>
<p>Ci siamo posti l’obiettivo di <strong>risvegliare nuovamente l’interesse per la lettura</strong> tra gli alunni di quinta e sesta e di formare i <strong>futuri lettori</strong>. In questo modo la Biblioteca si impegna ad aumentare il numero di utenti attivi. Con il concorso di lettura desideriamo creare un clima di classe favorevole alla lettura, includendo tutti gli individui – sia i lettori appassionati sia coloro che mostrano avversione alla lettura.</p>
</div>
<p>Abbiamo quindi organizzato una gara di lettura non per i singoli individui, ma per l’intera comunità della classe. La condizione perché la classe si qualifichi è che ciascun alunno legga almeno un libro durante il periodo della competizione. In caso contrario, la classe nel suo insieme non può qualificarsi.</p>
<p>In questo modo desideriamo coinvolgere tutti gli individui di questa fascia d’età e promuovere la collegialità tra pari, la coesione, le possibilità di collaborazione e il lavoro di squadra. Oltre a <strong>instaurare un rapporto positivo con il libro e la lettura,</strong> la competizione permette al bambino di esercitare e <strong>sviluppare le proprie capacità di espressione scritta</strong> tramite pubblicazioni online, che gli consentono di interagire con i coetanei in un ambiente digitale sicuro. I commenti vengono controllati costantemente, prevenendo così offensivit<span class="Y2IQFc" lang="it">à</span>, linguaggio d’odio ecc. Con la pubblicazione delle opinioni sui libri letti, gli alunni affinano la loro capacità critica nella valutazione delle opere letterarie. Gli studenti partecipanti hanno la possibilità, tramite il sito web, di raccomandare libri, discuterne, scambiarsi opinioni – non solo all’interno della propria classe, ma anche con coetanei di altre scuole.</p>
<p>Nel corso dell’anno scolastico <strong>2016/2017</strong> hanno partecipato al concorso di lettura <strong data-start="82" data-end="106">344 alunni di quinta</strong> elementare provenienti da undici scuole elementari della zona costiera. In quattro mesi gli studenti hanno letto complessivamente <strong data-start="226" data-end="241">1.629 libri</strong>. Sul sito web creato appositamente per il concorso, i partecipanti hanno pubblicato in questo periodo <strong data-start="344" data-end="364">1.217 recensioni</strong> dei libri letti e hanno espresso <strong data-start="398" data-end="412">3.644 voti</strong>. Gli alunni, salvo rare eccezioni, hanno svolto parallelamente al concorso di lettura anche il programma del <strong data-start="524" data-end="552">“buon lettore”</strong>.</p>
<p>Nell’anno scolastico <strong>2017/18</strong> abbiamo organizzato il concorso di lettura anche per gli alunni di sesta elementare. Al concorso si sono iscritti <strong data-start="132" data-end="166">851 alunni di quinta e sesta</strong> provenienti da 16 scuole della zona costiera, di cui <strong data-start="220" data-end="256">5 dalle scuole slovene in Italia</strong>, che si sono unite a noi tramite la Biblioteca Nazionale Slovena e degli Studi di Trieste. In totale hanno letto <strong data-start="362" data-end="377">4.020 libri</strong>, pubblicato <strong data-start="390" data-end="410">1.220 recensioni</strong> sul sito web e espresso <strong data-start="435" data-end="449">6.276 voti</strong>.</p>
<div class="wpb_wrapper">
<p>Nel corso dell’anno scolastico <strong>2018/2019</strong> abbiamo ampliato il concorso di lettura <strong data-start="81" data-end="115">“Leggiamo con Tunnellina Alfabeti”</strong>, invitando a partecipare tutte le biblioteche della zona costiero-carsica. Alla terza edizione hanno così preso parte <strong data-start="234" data-end="258">15 scuole elementari</strong> dei comuni di Capodistria, Isola, Pirano, Ancarano, Sesana, Bisterza e Postumia, nonché <strong data-start="355" data-end="398">10 scuole elementari slovene di Trieste</strong>, per un totale di <strong data-start="417" data-end="430">65 classi</strong>, cioè <strong data-start="437" data-end="451">985 alunni</strong>. In quattro mesi i partecipanti hanno letto complessivamente <strong data-start="511" data-end="526">4.379 libri</strong>, espresso <strong data-start="537" data-end="551">3.068 voti</strong> e pubblicato <strong data-start="565" data-end="583">532 recensioni</strong> sul portale web, che a quel tempo registrava già oltre <strong data-start="639" data-end="666">129.500 visualizzazioni</strong>.</p>
<p data-start="0" data-end="399">Nell’anno scolastico <strong>2019/2020</strong> al progetto si sono uniti anche gli alunni che frequentano i corsi di lingua slovena a <strong>Banja Luka</strong>, in collaborazione con l’associazione slovena <strong data-start="175" data-end="186">Triglav</strong>, e gli alunni della scuola elementare slovena di Klagenfurt, in collaborazione con la <strong data-start="273" data-end="318">Biblioteca di studi sloveni di Klagenfurt</strong> e la <strong data-start="324" data-end="396">Biblioteca centrale carinziana dr. Franc Sušnik di Ravne na Koroškem</strong>.</p>
<p data-start="401" data-end="881">Nell’area di Trieste si sono aggiunte quattro nuove scuole: la <strong data-start="464" data-end="513">Scuola media inferiore Igo Gruden di Aurisina</strong>, la <strong data-start="518" data-end="567">Scuola media inferiore Simon Gregorčič (San Dorligo della Valle)</strong>, la <strong data-start="464" data-end="513">Scuola media inferiore</strong> <strong data-start="572" data-end="618">Santi Cirillo e Metodio (San Giovanni)</strong> e la <strong data-start="624" data-end="667">Scuola elementare Albin Bubnič (Muggia)</strong>. Nel comune di Pirano hanno aderito due nuove scuole: la <strong data-start="725" data-end="760">Scuola elementare Cirilo Kosmač</strong> e la <strong data-start="766" data-end="796">Scuola elementare Sicciole</strong>, mentre da Divaccia si è unita la <strong data-start="831" data-end="878">Scuola elementare dr. Bogomir Magajna Vreme</strong>.</p>
<p data-start="883" data-end="1021" data-is-last-node="" data-is-only-node="">In totale si sono iscritti <strong data-start="910" data-end="931">1.154 concorrenti</strong>, che hanno letto <strong data-start="949" data-end="964">4.676 libri</strong>. Il sito web ha registrato già oltre <strong data-start="1002" data-end="1020">651.000 visite</strong>.</p>
</div>
<p data-start="883" data-end="1021" data-is-last-node="" data-is-only-node="">Il progetto ha finora ricevuto due importanti riconoscimenti: il <strong data-start="65" data-end="121">premio dell’Associazione delle biblioteche pubbliche</strong> per i migliori progetti delle biblioteche pubbliche nel 2018 e il <strong data-start="188" data-end="236">riconoscimento della sezione slovena di IBBY</strong> per i risultati eccezionali nel campo della promozione della letteratura giovanile e della lettura in generale.</p>
<div class="wpb_wrapper">
<p>&nbsp;</p>
</div>
</div>
</div>
</div>
</div>
</div>
</div>
<div class="vc_row wpb_row vc_row-fluid">
<div class="page-container">
<div class="wpb_column vc_column_container vc_col-sm-12">
<div class="vc_column-inner ">
<div class="wpb_wrapper">
<div class="wpb_text_column wpb_content_element ">
<div class="wpb_wrapper">
<h2>Se nam želite priključiti?</h2>
<p>Zelo bomo veseli vaše udeležbe.&nbsp;<a href="https://www.bralnotekmovanje.si/it/contatto/">Pišite nam</a>.</p>
</div>
</div>
</div>
</div>
</div>
</div>
</div>
</div>
</div>
</div>
</div>
</section>
<p><!-- d38575bba52c665d08028854e5727c68 --></p>

<p>Il concorso di lettura “Leggiamo con Tunnellina Alfabeti” è un approccio originale per promuovere la lettura e migliorare le abitudini di lettura tra gli alunni del quinto e del sesto anno della scuola elementare sotto forma di una competizione di lettura guidata. Perché proprio la quinta e la sesta classe? Secondo le osservazioni e i&#8230;</p>
